hest common factor of 20 and u?
4
Let z(t) be the third derivative of t**4/8 + 2*t**3/3 + 19*t**2. Let q be z(-3). Let d = q - -32. What is the greatest common factor of 27 and d?
27
Let h = -56 - -101. Suppose h*v - 512 = 1153. What is the highest common factor of v and 1184?
37
Let m = 14865 + -912. Calculate the greatest common factor of m and 3.
3
Let y(q) = -q**3 + 21*q**2 + 71*q + 28. Let l be y(24). Suppose c + 550 = 4*c - 5*g, -3*c + l*g + 554 = 0. What is the highest common divisor of 20 and c?
10
Let z(h) = -18*h - 181. Let k be z(-11). Let s = 33 - 31. Suppose 0 = -3*t + j + j + 104, -s*t - 5*j = -63. Calculate the greatest common factor of k and t.
17
Let m = -2 + 2. Suppose 5*v = l - 3*l + 15, m = l. Suppose 0*n - v*n = 5*u - 106, -3*u - 154 = -5*n. Calculate the highest common divisor of 96 and n.
32
Let r = 6121 - 6106. Calculate the highest common divisor of r and 80.
5
Suppose -5*k = 5*d, -7 - 8 = -2*k + d. Suppose -k*w + 68 + 152 = 0. Let p(m) = 145*m - 3893. Let a be p(27). Calculate the highest common factor of w and a.
22
Let o be (-14)/(-3)*3 - 1. Suppose -57*t + 40 = l - 59*t, 3*l - 5*t - 126 = 0. Calculate the highest common divisor of o and l.
13
Suppose -9*g - 129 = -2*x + 27, 450 = 4*x + 5*g. What is the greatest common factor of x and 2485?
35
Let k = 21952 - 21167. What is the highest common divisor of 25 and k?
5
Suppose 15*b - 10*b = 0. Suppose 9*s + 1335 - 1425 = b. Calculate the greatest common divisor of s and 1490.
10
Let f be 89/7 + 36/126. Suppose 24 = -2*h + b, -3*h + b + f = 47. Let d(m) = m**2 + 7*m - 10. Let i be d(h). What is the greatest common divisor of i and 100?
20
Suppose -2*w + 481 - 55 = -5*z, 4*w = 2*z + 836. Calculate the greatest common factor of 676 and w.
52
Let h = -1880 - -1957. What is the greatest common factor of h and 4928?
77
Suppose -5*s + 3*k + 9087 = -5*k, 5*s - 4*k = 9111. What is the greatest common factor of 29 and s?
29
Suppose 0 = -1329*y + 1339*y - 130. Suppose 0*c + c = 0. Suppose 0*w - 5*w + 455 = c. Calculate the highest common factor of y and w.
13
Let u(b) = 4*b**2 - 8*b + 14. Let x be u(8). Suppose -4*j + x = -4*p + 58, 3*j - 2*p - 110 = 0. Calculate the greatest common factor of 117 and j.
9
Suppose 21*w = 6*w + 180. Suppose 3*q + 31 = f + w, 0 = f + 2*q - 4. What is the greatest common divisor of f and 34?
2
Let w = -96 + 10. Let d = -83 - w. Let m(h) = 11*h - 3. Let i be m(d). What is the greatest common divisor of 50 and i?
10
Suppose -v + 2*q + 32 = 0, 4*q = -3*v + 3*q + 117. Let m be (18/(-81) - v/(-9)) + 108. Let o = m - 28. Calculate the greatest common divisor of 12 and o.
12
Let j(i) = 3*i**2 - 9*i - 11. Let t be j(12). Let r = 315 - t. Calculate the highest common divisor of 16 and r.
2
Let n be -24*(-4)/(8/2). Let a be (1 + -16 + 3)/(-2). Let z be (2*24/9)/(a/9). Calculate the greatest common divisor of z and n.
8
Let m = 7599 + -7536. Calculate the greatest common divisor of 56 and m.
7
Let l be (5 + 165)/(10 + 114/(-12)). What is the highest common divisor of 2465 and l?
85
Let f(y) = 2*y**2 - 12*y - 209. Let z be f(14). What is the greatest common factor of 159 and z?
3
Let o be (-2 - (-60)/27)*(-45)/(-5). Let u be o + 46/4 + (-1)/(-2). What is the highest common divisor of u and 287?
7
Let o = -23448 - -23553. What is the greatest common divisor of o and 175?
35
Suppose 0 = g + 2*x + 5, 5*g + 23*x - 2 = 22*x. Let f be 124/((-40)/(-18) + -1 - g). What is the highest common factor of f and 18?
18
Let g(j) = -160*j**2 + 4*j + 4. Let f be g(-1). Let k be f/(-25) - 21/(-35). What is the highest common divisor of k and 77?
7
Let m(b) = -29*b**2 + 5*b + 6. Let y be m(-1). Let i = 63 + y. Suppose -4*w = -3*z - 557, w - 2*z - 68 = 70. What is the greatest common divisor of i and w?
35
Let h = -4 + 8. Suppose -3*t - 4*l = -5*l - 5, -h*l - 6 = 2*t. Let y be (1 - t)/(-3) - -221. What is the highest common divisor of 17 and y?
17
Let r(d) = 178*d - 2659. Let i be r(15). What is the greatest common divisor of i and 209?
11
Let c be 1 + -9 + 10 + 34. Let a = 73 - c. Calculate the highest common factor of 851 and a.
37
Suppose -3*t = -87 - 99. Let f = -56 + t. Let v be (153 - -3)/(-4)*(-4)/f. What is the greatest common divisor of v and 2?
2
Let l(q) = -917*q + 987. Let o be l(1). What is the highest common factor of 504 and o?
14
Let k = -8498 + 8904. What is the greatest common factor of 986 and k?
58
Suppose -17 + 1 = -4*g. Suppose 2*m - g = 0, -10 = -4*o - 0*m - 3*m. Let n be o + 0 + (-3)/(3/(-109)). What is the highest common factor of 10 and n?
10
Suppose -5*h - 43 + 18 = 0. Let w be (-10794)/(-35) + h + 3/5. What is the greatest common factor of 19 and w?
19
Let r be 3088/14 + (800/70 - 2) + -9. Suppose -a = 4*h - 9, -4*a + 2*h = -a - 41. Calculate the greatest common factor of a and r.
13
Suppose 36 = 2*g + 2*o, 5*o = 3*g - 6 - 32. Let r be ((-80)/(-3))/(-5 + 155/30). Calculate the highest common factor of r and g.
16
Suppose -35 + 11 = -6*a. Suppose -33 = -3*c - 4*w, a*c - 3*w - 7 = 37. What is the greatest common divisor of c and 55?
11
Suppose -6*g = 4*b - 4*g - 10, 3*b - 12 = 3*g. Suppose 0 = 5*m + b*s + 208, -2*m + 15 - 99 = 2*s. Let w = m - -44. What is the highest common factor of w and 3?
3
Let b be 27 + (5 + -18 - -6). Suppose 21*u - b*u = 2. Calculate the greatest common factor of u and 36.
2
Suppose 79 = 18*v - 11. Suppose -3*m + 4*j + 4 = -10, -v*m + 26 = -4*j. What is the highest common factor of m and 282?
6
Let z = 235 + -268. Let d be ((-63)/7 - z)/(6/8). What is the greatest common factor of 288 and d?
32
Suppose -4*j = 2*t - 9244, 161*t - 159*t = -5*j + 11556. Calculate the greatest common divisor of 8 and j.
8
Let a(p) = -p**3 + 14*p**2 - 18*p - 17. Let m be (-276)/(-161)*7*1. Let c be a(m). Calculate the highest common divisor of 11 and c.
11
Let g(z) = -31*z + 1312. Let k be g(40). Calculate the highest common divisor of 840 and k.
24
Let y(a) = -a**2 - 4*a + 13. Let u be y(-6). Let b(i) = 115*i - 67*i - 1 + u. Let v be b(3). Calculate the highest common factor of v and 18.
18
Let h be (3 - 4)*1*-4. Suppose 0 = 5*r - 6*r + h*u + 2, 5*u = 5*r - 25. Calculate the highest common factor of r and 8.
2
Let q(z) = -227*z - 2989. Let b be q(-14). What is the highest common factor of b and 336?
21
Let t(o) = -o**3 + 7*o**2 - 11*o + 21. Let d be t(5). Suppose -10*z + d = -2*z. Calculate the greatest common factor of 2 and z.
2
Suppose -26089 = -5*m + 3*d - 4199, -3*d + 8756 = 2*m. What is the greatest common factor of 22 and m?
22
Suppose 3*r = -r. Suppose r*i + i - 110 = 0. Let n(g) = -g**2 + 17*g + 22. Let l be n(17). Calculate the highest common divisor of i and l.
22
Suppose -5 = -5*g + 5*q, 3*g + 4*q = -2*g + 14. Suppose x = 5, 4*x = h - g*h + 457. Suppose -4*m - 77 = -h. Calculate the greatest common factor of m and 10.
10
Let l be 2*((-4304)/(-1248) - (-20)/390). Let c(x) = 2*x. Let h be c(1). Calculate the greatest common divisor of h and l.
1
Let k(a) = -191*a + 3. Suppose 17 = -4*z + 3*j, 0*z - 4*z - 5*j = -7. Let w be k(z). Suppose -2*y + 7*y - w = 0. What is the highest common factor of 7 and y?
7
Let f(r) = 5*r**2 + 4. Let p be f(-4). Let q(n) = 76*n - 5595. Let s be q(75). Calculate the greatest common divisor of p and s.
21
Suppose -2*s - 17 = -w, -11 = -16*w + 13*w - 4*s. Calculate the greatest common factor of 192 and w.
3
Suppose 0 = u + 2*u - 78. Let s = -225 + 213. Let t be -2*(-206)/8 - s/24. Calculate the greatest common divisor of t and u.
26
Suppose 4*d - 8 = 0, -5*d = -4*k + 8276 + 2294. What is the greatest common divisor of 5 and k?
5
Let m(g) = -g**3 + 57*g**2 - 29*g - 84. Let t be m(56). What is the highest common factor of 36 and t?
12
Suppose 7*h - 17 = 18. Suppose 119 = h*d + 3*t, t - 98 = -4*d - 0*t. Let x(k) = -54*k + 9. Let m be x(-4). What is the highest common factor of m and d?
25
Let k be -87*1/(0 - 1). Let q(r) = 76*r**3 + 233*r**2 + 4*r - 4. Let n be q(-3). What is the greatest common divisor of k and n?
29
Suppose 3*g + v - 4*v - 357 = 0, -3*g + 357 = 2*v. Suppose 24 = -g*f + 125*f. What is the greatest common factor of 32 and f?
4
Let c(i) = i + 13. Let p be c(-10). Let a(z) = -2*z + 37. Let m be a(-7). Calculate the greatest common divisor of p and m.
3
Let k be (14/10 - 1)/(5/50). Suppose 0 = -k*y + 